Suppose 5*o + 840 = -0*o. Calculate the remainder when 87 is divided by 2/(-3) - 3640/o.
3
Suppose -7*o - 6 = -4*o. Let v = 5 - -71. What is the remainder when v is divided by 4/(-3)*39/o?
24
Let v(l) = 623*l + 37. Calculate the remainder when v(2) is divided by 425.
8
Suppose 35*k = 3*h + 40*k - 75, 2*h = 2*k + 2. Calculate the remainder when 2/(-8) + 473/4 is divided by h.
8
Suppose -p = 50*h - 45*h - 754, 474 = 3*h - 3*p. Calculate the remainder when 223 is divided by h.
71
Suppose -5*i + 5993 = 810*d - 807*d, -5*d = -5*i + 6065. What is the remainder when i is divided by 189?
70
Suppose z + 0*o - 6 = 5*o, 4*z = 5*o + 84. Let u(n) = -3*n + 65. Let r be u(19). Suppose 2*i = r + z. Calculate the remainder when 49 is divided by i.
15
Suppose 3*t = 2*d + 507, d - 8 = -t + 166. Calculate the remainder when t is divided by 39.
15
Suppose -18*c = -118*c + 14200. Calculate the remainder when c is divided by 135.
7
Let n = 276 + -168. Calculate the remainder when 16 is divided by 68/6 - 6/n*6.
5
Let q = 167 - 101. Suppose 4*x - 7*x = -q. Calculate the remainder when 2/(-4)*128*-1 is divided by x.
20
Suppose 116*w + 88030 = 418*w - 154. What is the remainder when 849 is divided by w?
265
Suppose g + 0*g = -3*h, 0 = -3*g + 3*h - 24. Let n be (2 + 3/(g/7))*-2. What is the remainder when 117 is divided by (15/n - 4)*82/2?
35
Let n(s) = s**2 - 17*s - 56. Let d be n(20). Suppose -5*i - 5*m + 90 = 0, 23*i - 18*i = -d*m + 91. Calculate the remainder when 1 - (-70)/2*1 is divided by i.
17
Suppose -161*z = 49*z - 29610. What is the remainder when z is divided by (-136)/(-3) - (-8)/12?
3
Suppose 3*k - 43 = 50. Suppose -z + 3 + 11 = -x, 3*x - 22 = -z. What is the remainder when k is divided by z?
15
Let i(c) = 4*c. Let w be i(16). Let s = 67 - w. Calculate the remainder when (s - 0) + (-428)/(-12)*3 is divided by 14.
12
Suppose -5*g - 2*i + 43 = 0, 31 = 3*g - 22*i + 18*i. Suppose -g*p = -12*p + 39. Calculate the remainder when 36 is divided by p.
10
Let d(z) = -16*z - 27. Calculate the remainder when d(-19) is divided by 88.
13
Let z = -143 - -264. Let h(w) = w**2 - 3001*w + 32961. What is the remainder when z is divided by h(11)?
50
Suppose 24*y - 1701 = -285. Calculate the remainder when y is divided by 4.
3
Suppose 4*r = 3*n + 14, -5*r - 2 = -2*n - 23. Suppose -2*s - 4*f = -s - 44, -4*f = -r*s + 244. What is the remainder when s is divided by 27?
21
Suppose -174*j - 220 = -705 - 2473. Calculate the remainder when 2497 is divided by j.
15
Suppose 26*z + 9420 - 56038 = 0. What is the remainder when z is divided by 164?
153
Let v = -1202 - -1972. Calculate the remainder when v is divided by 52.
42
Calculate the remainder when ((-561)/(-6))/(90/(-1575) - 261/(-2730)) is divided by 483.
16
Let d = -10 + 42. What is the remainder when 26/3705*19 - 6626/(-30) is divided by d?
29
Let z be 6 + 4*3/(-2). Suppose z = -57*h + 58*h - 20. What is the remainder when 97 is divided by h?
17
Let o be (-192)/56 - 4/7. Let f be o/(-2)*3*230/(-3). What is the remainder when (f/(-50))/((-2)/(-10)) is divided by 13?
7
Let x(r) = -r**2 - 7*r + 2. Let n be 344 + -3 - 3 - -4. Let m = n + -339. What is the remainder when m is divided by x(-7)?
1
Suppose -5*m + 45 + 0 = 0. Calculate the remainder when (0 + 3)/3 + 88 is divided by m.
8
Let r(t) = 14*t - 1. Suppose -2*g = -8*s - 94, -2*g - 239*s + 234*s + 211 = 0. Calculate the remainder when g is divided by r(1).
5
Suppose 5*j + 167 = 4*r + 24, -r + 3*j = -41. Suppose -3*w + u + r = 0, 2*w - 2*u = 7 + 9. Calculate the remainder when 23 is divided by w.
11
What is the remainder when 841 is divided by (-17 + 14)*(-4 - 2)?
13
Suppose 295 = 5*h + 115. Suppose 3*o = 2*b - 43, -3*o + 126 = 2*b + 137. Calculate the remainder when h is divided by b.
4
Let s(i) = -3*i**3 + 2*i**2 - 3*i - 3. Let l be s(2). Let r = 50 + l. Calculate the remainder when 48 is divided by r.
23
Let o(t) = -t**2 + 30*t + 325. What is the remainder when 336 is divided by o(38)?
0
Suppose 4*w - 138*i + 140*i - 1126 = 0, -1415 = -5*w - i. What is the remainder when w is divided by 24?
20
Calculate the remainder when (151/2)/(92/184) is divided by 31.
27
Suppose 0 = -3*d - 2*d + 400. What is the remainder when (2 - 3)/(215/(-53965)) is divided by d?
11
Suppose -211*f - 212*f = -428*f + 585. Calculate the remainder when 4085 is divided by f.
107
Let l(m) = m**2 - m - 1. Let o(q) = 8*q**2 - 25*q + 6. Let r(j) = -6*l(j) + o(j). Let p be r(8). Let w = 4 - p. Calculate the remainder when 62 is divided by w.
14
Suppose -464*g + 43934 = -442*g. Calculate the remainder when g is divided by 16.
13
Calculate the remainder when 2730 is divided by (-4)/((8/(-14))/(-11 - 6372/(-84))).
6
Let o(x) = -103*x**3 - 6*x**2 - 10*x - 5. Calculate the remainder when o(-1) is divided by 35.
32
Let f(z) = 87*z + 980. Calculate the remainder when 8381 is divided by f(8).
1
Let u = -1215 + 1523. What is the remainder when u is divided by 3?
2
Let i(s) be the second derivative of s**4/12 - s**3/6 - 17*s**2/2 + 25*s. What is the remainder when i(13) is divided by 1 - -24 - 24/(-8)?
27
Suppose -106 = 6*a - 10*a + 2*d, 3*a - 5*d - 69 = 0. Suppose -n + a = -4*c, 3*n - 4*n - 4*c = -36. What is the remainder when 54 is divided by n?
22
Let c(u) = u**3 - 2*u - 18. Let b(p) = -3*p - 12. Let h be b(-4). Let z be c(h). Calculate the remainder when (-228)/z + 12/9 is divided by 5.
4
Let a(g) = 498*g**3 + 7*g**2 - 4*g - 3. Calculate the remainder when a(2) is divided by 15.
11
Let u(g) = -2*g + 1. Let h = -27 - -21. Suppose -20*w = -13*w - 301. What is the remainder when w is divided by u(h)?
4
Suppose -823 = -5*c - 3*n - 195, 0 = 2*c + 5*n - 236. Calculate the remainder when 1276 is divided by c.
124
Suppose 0 = -2*y + 2*s - 5*s + 8, y = -3*s - 2. Suppose 0 = -y*b + 3*b + 336. What is the remainder when 176 is divided by b?
32
Suppose 21*j + 7006 = 57*j - 5*j. What is the remainder when j is divided by 44?
6
Suppose 41*j - 116 - 7 = 0. Suppose 124 = -j*n + 205. Calculate the remainder when n is divided by 1.
0
Let w = -2578 - -2676. Calculate the remainder when 428 is divided by w.
36
Suppose 14557 = 23*y + 14488. Calculate the remainder when 10821 is divided by y.
0
Let d = -2774 + 2938. Suppose 67 = 5*y - 208. Calculate the remainder when d is divided by y.
54
Let b(p) = p**3 - 15*p**2 + 42*p - 199. Calculate the remainder when 436 is divided by b(13).
4
Calculate the remainder when 566 is divided by (-906)/(-16) - ((-450)/80)/15.
53
Let k(r) = -3*r**3 - 261*r**2 - r - 34. Calculate the remainder when 2168 is divided by k(-87).
48
Calculate the remainder when (-1015)/(-725) + (-14532)/(-10) - (-4)/10 is divided by 360.
15
Let a(o) = -1 - o**3 - 2*o - 1 - 5*o**2 - 1 - 2. Suppose -5*p = -5*f + 58 + 42, 2*p = -8. Calculate the remainder when f is divided by a(-5).
1
Let k = -15734 + 15990. Calculate the remainder when 283 is divided by k.
27
Let l(p) = 8*p**2 - 5*p. Let o be l(1). Suppose -2*t + o*b + 4 = -6, -10 = -2*t - 3*b. Calculate the remainder when 134 is divided by 11/(55/90) + t.
19
Let t = 103 - 58. Suppose 0 = -5*v + t - 0. What is the remainder when ((-3)/6 - 2)*-10 is divided by v?
7
Let u(m) = -30*m + 5. Let n(b) = -b**2 - 7*b + 28. Let a be n(-10). Let h(s) = 1. Let k(q) = a*h(q) + u(q). Calculate the remainder when 91 is divided by k(-1).
25
Let d(q) = -5 + 51*q**2 - 30*q**2 - 19*q - 22*q**2. Calculate the remainder when d(-8) is divided by 37.
9
Suppose -23351 = -228*h - 1691. Calculate the remainder when h is divided by 14.
11
Suppose -2*u + u + 7 = 0. Suppose -5*i + 2*l = -3*l + 1090, -2*l - 8 = 0. Let j = i + 234. What is the remainder when j is divided by u?
5
Suppose 2*r - 2*p - 22 = 38, 5*r + 2*p = 122. Calculate the remainder when ((-16)/(1024/(-656)))/(2/40) is divided by r.
23
Calculate the remainder when 1148 is divided by 9 + 11 + -4 + -2 + 357.
35
What is the remainder when (-12)/((-252)/30765) + (0 - -2) is divided by 486?
9
Let o = 320 + -341. What is the remainder when (76/30*o)/((-10)/25) is divided by 68?
65
Let n(q) = q**2 + 14*q + 63. Let k be n(-8). Suppose -4 = -f - 3*h, 5*h + k + 10 = 0. Let u = -26 - -80. What is the remainder when u is divided by f?
16
Suppose -2 = 15*b - 16*b. Suppose -5*m - 169 = -b*z, 4*z = -m - 0*m + 349. Calculate the remainder when z is divided